{"id":985,"date":"2025-08-18T13:47:50","date_gmt":"2025-08-18T13:47:50","guid":{"rendered":"https:\/\/cansinkidswear.com.tr\/?page_id=985"},"modified":"2025-08-18T14:30:03","modified_gmt":"2025-08-18T14:30:03","slug":"bursa-toptan-cocuk-t-shirt","status":"publish","type":"page","link":"https:\/\/cansinkidswear.com.tr\/?page_id=985","title":{"rendered":"Bursa Toptan \u00c7ocuk T-Shirt"},"content":{"rendered":"\t\t<div data-elementor-type=\"wp-page\" data-elementor-id=\"985\" class=\"elementor elementor-985\">\n\t\t\t\t<div class=\"wd-negative-gap elementor-element elementor-element-22929782 wd-section-stretch e-flex e-con-boxed e-con e-parent\" data-id=\"22929782\" data-element_type=\"container\" data-settings=\"{&quot;background_background&quot;:&quot;classic&quot;}\">\n\t\t\t\t\t<div class=\"e-con-inner\">\n\t\t<div class=\"elementor-element elementor-element-43b74715 e-con-full e-flex e-con e-child\" data-id=\"43b74715\" data-element_type=\"container\">\n\t\t<div class=\"elementor-element elementor-element-7bce49a9 e-con-full e-flex e-con e-child\" data-id=\"7bce49a9\" data-element_type=\"container\">\n\t\t\t\t<div class=\"elementor-element elementor-element-6126ff3 elementor-widget__width-auto elementor-widget elementor-widget-wd_text_block\" data-id=\"6126ff3\" data-element_type=\"widget\" data-widget_type=\"wd_text_block.default\">\n\t\t\t\t<div class=\"elementor-widget-container\">\n\t\t\t\t\t\t\t\t<link rel=\"stylesheet\" id=\"wd-text-block-css\" href=\"https:\/\/cansinkidswear.com.tr\/wp-content\/themes\/woodmart\/css\/parts\/el-text-block.min.css?ver=7.6.0\" type=\"text\/css\" media=\"all\" \/> \t\t\t\t\t<div class=\"wd-text-block reset-last-child text-left color-title\">\n\t\t\t\n\t\t\t<h1 class=\"entry-title title\">\u00a0Toptan \u00c7ocuk T-Shirt<\/h1>\n\t\t\t\t\t<\/div>\n\t\t\t\t\t\t<\/div>\n\t\t\t\t<\/div>\n\t\t\t\t<div class=\"elementor-element elementor-element-24d3d77e elementor-widget__width-auto elementor-widget-tablet__width-initial elementor-hidden-mobile elementor-widget elementor-widget-wd_image_or_svg\" data-id=\"24d3d77e\" data-element_type=\"widget\" data-widget_type=\"wd_image_or_svg.default\">\n\t\t\t\t<div class=\"elementor-widget-container\">\n\t\t\t\t\t\n\t\t<div class=\"wd-image text-left\">\n\t\t\t\t\t\t\t\t<img decoding=\"async\"  src=\"https:\/\/cansinkidswear.com.tr\/wp-content\/uploads\/2025\/08\/ps-bold-static-star.svg\" title=\"ps-bold-static-star.svg\" width=\"82\" height=\"82\">\t\t\t\t\t<\/div>\n\n\t\t\t\t\t\t<\/div>\n\t\t\t\t<\/div>\n\t\t\t\t<\/div>\n\t\t\t\t<div class=\"elementor-element elementor-element-19f83172 elementor-widget-divider--view-line elementor-widget elementor-widget-divider\" data-id=\"19f83172\" data-element_type=\"widget\" data-widget_type=\"divider.default\">\n\t\t\t\t\t\t\t<div class=\"elementor-divider\">\n\t\t\t<span class=\"elementor-divider-separator\">\n\t\t\t\t\t\t<\/span>\n\t\t<\/div>\n\t\t\t\t\t\t<\/div>\n\t\t\t\t<div class=\"elementor-element elementor-element-345ed19d elementor-hidden-tablet elementor-hidden-mobile elementor-widget elementor-widget-wd_text_block\" data-id=\"345ed19d\" data-element_type=\"widget\" data-widget_type=\"wd_text_block.default\">\n\t\t\t\t<div class=\"elementor-widget-container\">\n\t\t\t\t\t\t\t<div class=\"wd-text-block reset-last-child text-left\">\n\t\t\t\n\t\t\t<p data-start=\"118\" data-end=\"417\">T\u00fcrkiye\u2019nin tekstil merkezi olan Bursa, <strong data-start=\"158\" data-end=\"182\">toptan \u00e7ocuk T-shirt<\/strong> \u00fcretiminde hem kalite hem de uygun fiyat avantaj\u0131yla \u00f6ne \u00e7\u0131kmaktad\u0131r. Do\u011fal ve nefes alabilen kuma\u015flardan \u00fcretilen \u00e7ocuk ti\u015f\u00f6rtleri; rahat kal\u0131plar\u0131, modern tasar\u0131mlar\u0131 ve zengin renk se\u00e7enekleriyle her sezon yo\u011fun ilgi g\u00f6rmektedir.<\/p><p data-start=\"419\" data-end=\"662\">Bursa\u2019da \u00fcretilen \u00e7ocuk T-shirt modelleri, hem g\u00fcnl\u00fck kullan\u0131m i\u00e7in pratik hem de \u015f\u0131k kombinler i\u00e7in ideal se\u00e7enekler sunar. %100 pamuk ve sa\u011fl\u0131kl\u0131 kuma\u015f tercihleri sayesinde, \u00e7ocuklar\u0131n hassas cildine zarar vermez ve g\u00fcn boyu konfor sa\u011flar.<\/p><p data-start=\"664\" data-end=\"984\">Geni\u015f \u00fcr\u00fcn yelpazesi, sezon trendlerini yans\u0131tan tasar\u0131mlar ve avantajl\u0131 toptan fiyatlarla <strong data-start=\"755\" data-end=\"793\">Bursa toptan \u00e7ocuk T-shirt sekt\u00f6r\u00fc<\/strong>, ma\u011fazalar ve bayiler i\u00e7in g\u00fcvenilir bir tedarik noktas\u0131d\u0131r. Hem i\u00e7 piyasa hem de ihracatta g\u00fc\u00e7l\u00fc bir konuma sahip olan Bursa, \u00e7ocuk giyiminde her zaman ilk tercih olmaya devam etmektedir.<\/p>\n\t\t\t\t\t<\/div>\n\t\t\t\t\t\t<\/div>\n\t\t\t\t<\/div>\n\t\t\t\t<\/div>\n\t\t<div class=\"elementor-element elementor-element-456dffaa e-con-full e-flex e-con e-child\" data-id=\"456dffaa\" data-element_type=\"container\">\n\t\t\t\t<div class=\"elementor-element elementor-element-601eac6d elementor-widget elementor-widget-wd_image_or_svg\" data-id=\"601eac6d\" data-element_type=\"widget\" data-widget_type=\"wd_image_or_svg.default\">\n\t\t\t\t<div class=\"elementor-widget-container\">\n\t\t\t\t\t\n\t\t<div class=\"wd-image text-left\">\n\t\t\t\t\t\t\t\t<img fetchpriority=\"high\" decoding=\"async\" width=\"600\" height=\"816\" src=\"https:\/\/cansinkidswear.com.tr\/wp-content\/uploads\/2025\/08\/Adsiz-tasarim-2025-08-18T165039.710.png\" class=\"attachment-full size-full\" alt=\"\" srcset=\"https:\/\/cansinkidswear.com.tr\/wp-content\/uploads\/2025\/08\/Adsiz-tasarim-2025-08-18T165039.710.png 600w, https:\/\/cansinkidswear.com.tr\/wp-content\/uploads\/2025\/08\/Adsiz-tasarim-2025-08-18T165039.710-221x300.png 221w, https:\/\/cansinkidswear.com.tr\/wp-content\/uploads\/2025\/08\/Adsiz-tasarim-2025-08-18T165039.710-150x204.png 150w\" sizes=\"(max-width: 600px) 100vw, 600px\" \/>\t\t\t\t\t<\/div>\n\n\t\t\t\t\t\t<\/div>\n\t\t\t\t<\/div>\n\t\t\t\t<\/div>\n\t\t\t\t\t<\/div>\n\t\t\t\t<\/div>\n\t\t\t\t<\/div>\n\t\t","protected":false},"excerpt":{"rendered":"<p>\u00a0Toptan \u00c7ocuk T-Shirt T\u00fcrkiye\u2019nin tekstil merkezi olan Bursa, toptan \u00e7ocuk T-shirt \u00fcretiminde hem kalite hem de uygun fiyat avantaj\u0131yla \u00f6ne<\/p>\n","protected":false},"author":1,"featured_media":0,"parent":0,"menu_order":0,"comment_status":"closed","ping_status":"closed","template":"","meta":{"footnotes":""},"class_list":["post-985","page","type-page","status-publish","hentry"],"_links":{"self":[{"href":"https:\/\/cansinkidswear.com.tr\/index.php?rest_route=\/wp\/v2\/pages\/985","targetHints":{"allow":["GET"]}}],"collection":[{"href":"https:\/\/cansinkidswear.com.tr\/index.php?rest_route=\/wp\/v2\/pages"}],"about":[{"href":"https:\/\/cansinkidswear.com.tr\/index.php?rest_route=\/wp\/v2\/types\/page"}],"author":[{"embeddable":true,"href":"https:\/\/cansinkidswear.com.tr\/index.php?rest_route=\/wp\/v2\/users\/1"}],"replies":[{"embeddable":true,"href":"https:\/\/cansinkidswear.com.tr\/index.php?rest_route=%2Fwp%2Fv2%2Fcomments&post=985"}],"version-history":[{"count":7,"href":"https:\/\/cansinkidswear.com.tr\/index.php?rest_route=\/wp\/v2\/pages\/985\/revisions"}],"predecessor-version":[{"id":1038,"href":"https:\/\/cansinkidswear.com.tr\/index.php?rest_route=\/wp\/v2\/pages\/985\/revisions\/1038"}],"wp:attachment":[{"href":"https:\/\/cansinkidswear.com.tr\/index.php?rest_route=%2Fwp%2Fv2%2Fmedia&parent=985"}],"curies":[{"name":"wp","href":"https:\/\/api.w.org\/{rel}","templated":true}]}}