{"id":979,"date":"2025-08-18T13:44:05","date_gmt":"2025-08-18T13:44:05","guid":{"rendered":"https:\/\/cansinkidswear.com.tr\/?page_id=979"},"modified":"2025-08-18T14:29:31","modified_gmt":"2025-08-18T14:29:31","slug":"bursa-toptan-yeni-dogan-seti","status":"publish","type":"page","link":"https:\/\/cansinkidswear.com.tr\/?page_id=979","title":{"rendered":"Bursa Toptan Yeni Do\u011fan Seti"},"content":{"rendered":"\t\t<div data-elementor-type=\"wp-page\" data-elementor-id=\"979\" class=\"elementor elementor-979\">\n\t\t\t\t<div class=\"wd-negative-gap elementor-element elementor-element-10a8d33c wd-section-stretch e-flex e-con-boxed e-con e-parent\" data-id=\"10a8d33c\" data-element_type=\"container\" data-settings=\"{&quot;background_background&quot;:&quot;classic&quot;}\">\n\t\t\t\t\t<div class=\"e-con-inner\">\n\t\t<div class=\"elementor-element elementor-element-684d28a3 e-con-full e-flex e-con e-child\" data-id=\"684d28a3\" data-element_type=\"container\">\n\t\t<div class=\"elementor-element elementor-element-38292b25 e-con-full e-flex e-con e-child\" data-id=\"38292b25\" data-element_type=\"container\">\n\t\t\t\t<div class=\"elementor-element elementor-element-2c2b08dc elementor-widget__width-auto elementor-widget elementor-widget-wd_text_block\" data-id=\"2c2b08dc\" data-element_type=\"widget\" data-widget_type=\"wd_text_block.default\">\n\t\t\t\t<div class=\"elementor-widget-container\">\n\t\t\t\t\t\t\t\t<link rel=\"stylesheet\" id=\"wd-text-block-css\" href=\"https:\/\/cansinkidswear.com.tr\/wp-content\/themes\/woodmart\/css\/parts\/el-text-block.min.css?ver=7.6.0\" type=\"text\/css\" media=\"all\" \/> \t\t\t\t\t<div class=\"wd-text-block reset-last-child text-left color-title\">\n\t\t\t\n\t\t\t<p>Toptan Yeni Do\u011fan Seti<\/p>\n\t\t\t\t\t<\/div>\n\t\t\t\t\t\t<\/div>\n\t\t\t\t<\/div>\n\t\t\t\t<div class=\"elementor-element elementor-element-5e25dab0 elementor-widget__width-auto elementor-widget-tablet__width-initial elementor-hidden-mobile elementor-widget elementor-widget-wd_image_or_svg\" data-id=\"5e25dab0\" data-element_type=\"widget\" data-widget_type=\"wd_image_or_svg.default\">\n\t\t\t\t<div class=\"elementor-widget-container\">\n\t\t\t\t\t\n\t\t<div class=\"wd-image text-left\">\n\t\t\t\t\t\t\t\t<img decoding=\"async\"  src=\"https:\/\/cansinkidswear.com.tr\/wp-content\/uploads\/2025\/08\/ps-bold-static-star.svg\" title=\"ps-bold-static-star.svg\" width=\"82\" height=\"82\">\t\t\t\t\t<\/div>\n\n\t\t\t\t\t\t<\/div>\n\t\t\t\t<\/div>\n\t\t\t\t<\/div>\n\t\t\t\t<div class=\"elementor-element elementor-element-64309c36 elementor-widget-divider--view-line elementor-widget elementor-widget-divider\" data-id=\"64309c36\" data-element_type=\"widget\" data-widget_type=\"divider.default\">\n\t\t\t\t\t\t\t<div class=\"elementor-divider\">\n\t\t\t<span class=\"elementor-divider-separator\">\n\t\t\t\t\t\t<\/span>\n\t\t<\/div>\n\t\t\t\t\t\t<\/div>\n\t\t\t\t<div class=\"elementor-element elementor-element-52596f15 elementor-hidden-tablet elementor-hidden-mobile elementor-widget elementor-widget-wd_text_block\" data-id=\"52596f15\" data-element_type=\"widget\" data-widget_type=\"wd_text_block.default\">\n\t\t\t\t<div class=\"elementor-widget-container\">\n\t\t\t\t\t\t\t<div class=\"wd-text-block reset-last-child text-left\">\n\t\t\t\n\t\t\t<p data-start=\"122\" data-end=\"436\">Bursa, tekstil sekt\u00f6r\u00fcndeki k\u00f6kl\u00fc tecr\u00fcbesi ile <strong data-start=\"170\" data-end=\"195\">toptan yenido\u011fan seti<\/strong> \u00fcretiminde T\u00fcrkiye\u2019nin en g\u00fcvenilir merkezlerinden biridir. Bebeklerin hassas cildine uygun, %100 pamuk ve do\u011fal kuma\u015flardan \u00fcretilen yenido\u011fan setleri; hem sa\u011fl\u0131kl\u0131 hem de konforlu yap\u0131s\u0131yla ebeveynlerin ilk tercihleri aras\u0131nda yer al\u0131r.<\/p><p data-start=\"438\" data-end=\"715\">Bursa toptan yenido\u011fan setleri; tulum, z\u0131b\u0131n, \u015fapka, eldiven, battaniye ve bir\u00e7ok tamamlay\u0131c\u0131 \u00fcr\u00fcn\u00fc bir arada sunarak pratik kullan\u0131m sa\u011flar. Hem k\u0131z hem erkek bebekler i\u00e7in farkl\u0131 renk ve desen se\u00e7enekleriyle haz\u0131rlanan koleksiyonlar, \u015f\u0131kl\u0131\u011f\u0131 ve rahatl\u0131\u011f\u0131 bir araya getirir.<\/p><p data-start=\"717\" data-end=\"1047\">Toptan sat\u0131\u015f avantajlar\u0131, uygun fiyat politikas\u0131 ve y\u00fcksek kalite standartlar\u0131yla <strong data-start=\"799\" data-end=\"826\">Bursa yenido\u011fan setleri<\/strong>, ma\u011fazalar ve bayiler i\u00e7in kazan\u00e7l\u0131 bir i\u015f f\u0131rsat\u0131 sunmaktad\u0131r. Modern tasar\u0131mlar\u0131, g\u00fcvenilir \u00fcretimi ve geni\u015f \u00fcr\u00fcn yelpazesi sayesinde Bursa, yenido\u011fan giyiminde sekt\u00f6r\u00fcn \u00f6nc\u00fc adreslerinden biri olmay\u0131 s\u00fcrd\u00fcrmektedir.<\/p>\n\t\t\t\t\t<\/div>\n\t\t\t\t\t\t<\/div>\n\t\t\t\t<\/div>\n\t\t\t\t<\/div>\n\t\t<div class=\"elementor-element elementor-element-3a6a794 e-con-full e-flex e-con e-child\" data-id=\"3a6a794\" data-element_type=\"container\">\n\t\t\t\t<div class=\"elementor-element elementor-element-43642d26 elementor-widget elementor-widget-wd_image_or_svg\" data-id=\"43642d26\" data-element_type=\"widget\" data-widget_type=\"wd_image_or_svg.default\">\n\t\t\t\t<div class=\"elementor-widget-container\">\n\t\t\t\t\t\n\t\t<div class=\"wd-image text-left\">\n\t\t\t\t\t\t\t\t<img fetchpriority=\"high\" decoding=\"async\" width=\"600\" height=\"816\" src=\"https:\/\/cansinkidswear.com.tr\/wp-content\/uploads\/2025\/08\/Adsiz-tasarim-2025-08-18T164639.703.png\" class=\"attachment-full size-full\" alt=\"\" srcset=\"https:\/\/cansinkidswear.com.tr\/wp-content\/uploads\/2025\/08\/Adsiz-tasarim-2025-08-18T164639.703.png 600w, https:\/\/cansinkidswear.com.tr\/wp-content\/uploads\/2025\/08\/Adsiz-tasarim-2025-08-18T164639.703-221x300.png 221w, https:\/\/cansinkidswear.com.tr\/wp-content\/uploads\/2025\/08\/Adsiz-tasarim-2025-08-18T164639.703-150x204.png 150w\" sizes=\"(max-width: 600px) 100vw, 600px\" \/>\t\t\t\t\t<\/div>\n\n\t\t\t\t\t\t<\/div>\n\t\t\t\t<\/div>\n\t\t\t\t<\/div>\n\t\t\t\t\t<\/div>\n\t\t\t\t<\/div>\n\t\t\t\t<\/div>\n\t\t","protected":false},"excerpt":{"rendered":"<p>Toptan Yeni Do\u011fan Seti Bursa, tekstil sekt\u00f6r\u00fcndeki k\u00f6kl\u00fc tecr\u00fcbesi ile toptan yenido\u011fan seti \u00fcretiminde T\u00fcrkiye\u2019nin en g\u00fcvenilir merkezlerinden biridir. Bebeklerin<\/p>\n","protected":false},"author":1,"featured_media":0,"parent":0,"menu_order":0,"comment_status":"closed","ping_status":"closed","template":"","meta":{"footnotes":""},"class_list":["post-979","page","type-page","status-publish","hentry"],"_links":{"self":[{"href":"https:\/\/cansinkidswear.com.tr\/index.php?rest_route=\/wp\/v2\/pages\/979","targetHints":{"allow":["GET"]}}],"collection":[{"href":"https:\/\/cansinkidswear.com.tr\/index.php?rest_route=\/wp\/v2\/pages"}],"about":[{"href":"https:\/\/cansinkidswear.com.tr\/index.php?rest_route=\/wp\/v2\/types\/page"}],"author":[{"embeddable":true,"href":"https:\/\/cansinkidswear.com.tr\/index.php?rest_route=\/wp\/v2\/users\/1"}],"replies":[{"embeddable":true,"href":"https:\/\/cansinkidswear.com.tr\/index.php?rest_route=%2Fwp%2Fv2%2Fcomments&post=979"}],"version-history":[{"count":7,"href":"https:\/\/cansinkidswear.com.tr\/index.php?rest_route=\/wp\/v2\/pages\/979\/revisions"}],"predecessor-version":[{"id":1035,"href":"https:\/\/cansinkidswear.com.tr\/index.php?rest_route=\/wp\/v2\/pages\/979\/revisions\/1035"}],"wp:attachment":[{"href":"https:\/\/cansinkidswear.com.tr\/index.php?rest_route=%2Fwp%2Fv2%2Fmedia&parent=979"}],"curies":[{"name":"wp","href":"https:\/\/api.w.org\/{rel}","templated":true}]}}